{"id":98,"date":"2025-08-15T15:04:41","date_gmt":"2025-08-15T15:04:41","guid":{"rendered":"https:\/\/erekoolitus.ee\/?page_id=98"},"modified":"2025-08-18T15:54:09","modified_gmt":"2025-08-18T15:54:09","slug":"ajajuhtimine","status":"publish","type":"page","link":"https:\/\/ehekoolitus.ee\/?page_id=98","title":{"rendered":"Ajajuhtimine"},"content":{"rendered":"\t\t<div data-elementor-type=\"wp-page\" data-elementor-id=\"98\" class=\"elementor elementor-98\">\n\t\t\t\t\t\t<section class=\"elementor-section elementor-top-section elementor-element elementor-element-29e3c8b3 elementor-section-full_width elementor-section-height-default elementor-section-height-default\" data-id=\"29e3c8b3\" data-element_type=\"section\" data-settings=\"{&quot;background_background&quot;:&quot;classic&quot;}\">\n\t\t\t\t\t\t<div class=\"elementor-container elementor-column-gap-default\">\n\t\t\t\t\t<div class=\"elementor-column elementor-col-50 elementor-top-column elementor-element elementor-element-2fadd46c\" data-id=\"2fadd46c\" data-element_type=\"column\">\n\t\t\t<div class=\"elementor-widget-wrap\">\n\t\t\t\t\t\t\t<\/div>\n\t\t<\/div>\n\t\t\t\t<div class=\"elementor-column elementor-col-50 elementor-top-column elementor-element elementor-element-2bd37ca7\" data-id=\"2bd37ca7\" data-element_type=\"column\" data-settings=\"{&quot;background_background&quot;:&quot;classic&quot;}\">\n\t\t\t<div class=\"elementor-widget-wrap elementor-element-populated\">\n\t\t\t\t\t\t<div class=\"elementor-element elementor-element-ae6835d elementor-widget__width-initial elementor-widget elementor-widget-heading\" data-id=\"ae6835d\" data-element_type=\"widget\" data-widget_type=\"heading.default\">\n\t\t\t\t\t<h2 class=\"elementor-heading-title elementor-size-default\">Ajajuhtimine meeskonnas<\/h2>\t\t\t\t<\/div>\n\t\t\t\t<div class=\"elementor-element elementor-element-33a1fac1 elementor-widget__width-initial elementor-widget-mobile__width-initial elementor-widget-tablet__width-initial elementor-widget elementor-widget-text-editor\" data-id=\"33a1fac1\" data-element_type=\"widget\" data-widget_type=\"text-editor.default\">\n\t\t\t\t\t\t\t\t\t<p>Kuidas keerulistel aegadel asjad ikkagi k\u00f5ik \u00f5igeks ajaks valmis saada?<\/p>\t\t\t\t\t\t\t\t<\/div>\n\t\t\t\t<div class=\"elementor-element elementor-element-17352aa9 elementor-widget__width-initial elementor-widget-divider--view-line elementor-widget elementor-widget-divider\" data-id=\"17352aa9\" data-element_type=\"widget\" data-widget_type=\"divider.default\">\n\t\t\t\t\t\t\t<div class=\"elementor-divider\">\n\t\t\t<span class=\"elementor-divider-separator\">\n\t\t\t\t\t\t<\/span>\n\t\t<\/div>\n\t\t\t\t\t\t<\/div>\n\t\t\t\t\t<\/div>\n\t\t<\/div>\n\t\t\t\t\t<\/div>\n\t\t<\/section>\n\t\t\t\t<section class=\"elementor-section elementor-top-section elementor-element elementor-element-157d9593 elementor-section-boxed elementor-section-height-default elementor-section-height-default\" data-id=\"157d9593\" data-element_type=\"section\">\n\t\t\t\t\t\t<div class=\"elementor-container elementor-column-gap-default\">\n\t\t\t\t\t<div class=\"elementor-column elementor-col-100 elementor-top-column elementor-element elementor-element-5c7f072a\" data-id=\"5c7f072a\" data-element_type=\"column\">\n\t\t\t<div class=\"elementor-widget-wrap elementor-element-populated\">\n\t\t\t\t\t\t<div class=\"elementor-element elementor-element-d56103e elementor-widget__width-initial elementor-widget-mobile__width-initial elementor-widget elementor-widget-text-editor\" data-id=\"d56103e\" data-element_type=\"widget\" data-widget_type=\"text-editor.default\">\n\t\t\t\t\t\t\t\t\t<p><span class=\"color_36\">\u201eKiired asjad on harva olulised\u00a0 ja oluliste asjadega on harva kiire\u201c on \u00f6elnud Eisenhower. Kuidas oma t\u00f6\u00f6ajaga paremini hakkama saada, sh olla ise efektiivsem, mida teistega koost\u00f6\u00f6 planeerimisel arvestada, kust on oodata riske ja mida teha nende m\u00f5jude v\u00e4hendamiseks.\u00a0 Kuidas koost\u00f6\u00f6d teha pingevabamalt ja v\u00e4hendada stressi? Kuidas hakkama saada teiste inimeste t\u00f6\u00f6aja juhtimisega, nii et k\u00f5ik asjaosalised saaksid ka oma aega m\u00f5istlikult planeerida?<\/span><\/p>\t\t\t\t\t\t\t\t<\/div>\n\t\t\t\t<div class=\"elementor-element elementor-element-29e54b18 elementor-widget__width-initial elementor-widget-tablet__width-initial elementor-widget-mobile__width-initial elementor-widget elementor-widget-heading\" data-id=\"29e54b18\" data-element_type=\"widget\" data-widget_type=\"heading.default\">\n\t\t\t\t\t<h2 class=\"elementor-heading-title elementor-size-default\">Koolituselt saavad osalejad:<\/h2>\t\t\t\t<\/div>\n\t\t\t\t<div class=\"elementor-element elementor-element-4d1a1e49 elementor-widget__width-initial elementor-widget-mobile__width-initial elementor-widget elementor-widget-text-editor\" data-id=\"4d1a1e49\" data-element_type=\"widget\" data-widget_type=\"text-editor.default\">\n\t\t\t\t\t\t\t\t\t<ul><li>Teadmised, kuidas v\u00e4ikeste ja lihtsate v\u00f5tetega saavutada selgelt m\u00f5\u00f5detavat ajalist ja rahalist v\u00f5itu;<\/li><li>teadmised, kuidas on v\u00f5imalik leida h\u00e4id ideid efektiivsuse j\u00e4tkuvaks t\u00f5usuks;<\/li><li>teadmised ja tegevusmudelid sellest, kuidas hoida mistahes t\u00f6\u00f6 sisuliselt, ajaliselt ja rahaliselt kontrolli all;<\/li><li>t\u00f6\u00f6korralduslikke v\u00f5tteid, kuidas oma t\u00f6\u00f6d t\u00f5husamaks muuta;<\/li><li>omavahelise suhtlemise ja infovahetused efektiivsemaks muutmise v\u00f5tteid;<\/li><li>pikema perspektiivi l\u00e4bim\u00f5tlemise oskused.<\/li><\/ul>\t\t\t\t\t\t\t\t<\/div>\n\t\t\t\t\t<\/div>\n\t\t<\/div>\n\t\t\t\t\t<\/div>\n\t\t<\/section>\n\t\t\t\t<section class=\"elementor-section elementor-top-section elementor-element elementor-element-7d7e623e elementor-section-boxed elementor-section-height-default elementor-section-height-default\" data-id=\"7d7e623e\" data-element_type=\"section\" data-settings=\"{&quot;background_background&quot;:&quot;classic&quot;}\">\n\t\t\t\t\t\t<div class=\"elementor-container elementor-column-gap-default\">\n\t\t\t\t\t<div class=\"elementor-column elementor-col-100 elementor-top-column elementor-element elementor-element-39cc033f\" data-id=\"39cc033f\" data-element_type=\"column\">\n\t\t\t<div class=\"elementor-widget-wrap elementor-element-populated\">\n\t\t\t\t\t\t<div class=\"elementor-element elementor-element-5f3639d2 elementor-widget__width-initial elementor-widget-tablet__width-initial elementor-widget-mobile__width-initial elementor-widget elementor-widget-heading\" data-id=\"5f3639d2\" data-element_type=\"widget\" data-widget_type=\"heading.default\">\n\t\t\t\t\t<h2 class=\"elementor-heading-title elementor-size-default\">Koolituse sisukirjeldus<\/h2>\t\t\t\t<\/div>\n\t\t\t\t<div class=\"elementor-element elementor-element-2e86b9d3 elementor-widget__width-initial elementor-widget-mobile__width-initial elementor-widget elementor-widget-text-editor\" data-id=\"2e86b9d3\" data-element_type=\"widget\" data-widget_type=\"text-editor.default\">\n\t\t\t\t\t\t\t\t\t<p>Kas v\u00f5tate aega t\u00f5eliselt oluliste asjade jaoks? V\u00f5i lahendate p\u00e4evast p\u00e4eva aina uusi\u00a0 tulekahjusid? Me \u00f5pime t\u00f6\u00f6l erinevaid t\u00f6\u00f6protsesse ja arvutiprogramme, juhtimisoskusi, mida peetakse oluliseks, kuid ikka k\u00f5nnib enamik inimesi kogu elu ringi, tundes end ebat\u00e4iuslikuna, vajades oskusi,\u00a0 kuidas t\u00f5eliselt oluliste asjadega elus toime tulla.\u00a0<\/p><p>Organisatsiooni efektiivsus tugineb lisaks materiaalsete ressursside t\u00f5husamale kasutusele ka t\u00f6\u00f6aja t\u00f5husamale kasutusele. V\u00f5ib tunduda uskumatu, aga kui arvutama hakata, siis t\u00f6\u00f6aega s\u00e4\u00e4stma \u00f5ppides s\u00e4\u00e4state suure hulga raha. Aga see pole ainus selle koolituse eesm\u00e4rk. Me vaatleme ka m\u00fc\u00fcgi- koost\u00f6\u00f6- ja \u00e4rikorraldust laiemalt ning ka ajak\u00e4sitlust laiemalt kui seda on minutite ja tundide haldamine. Kuigi inimene tehniliste vahendite abil \u201cs\u00e4\u00e4stab aega\u201d,\u00a0 siis pole ta veel aru saanud, et aega on vaja \u00f5ppida\u00a0 paremini l\u00e4bi elama. Kuidas saada oma ellu juurde kvaliteetaega?\u00a0<\/p><p>Koolitajad on Indrek Maripuu ja Elina Siilbek<\/p>\t\t\t\t\t\t\t\t<\/div>\n\t\t\t\t\t<\/div>\n\t\t<\/div>\n\t\t\t\t\t<\/div>\n\t\t<\/section>\n\t\t\t\t<section class=\"elementor-section elementor-top-section elementor-element elementor-element-391007e7 elementor-section-boxed elementor-section-height-default elementor-section-height-default\" data-id=\"391007e7\" data-element_type=\"section\">\n\t\t\t\t\t\t<div class=\"elementor-container elementor-column-gap-default\">\n\t\t\t\t\t<div class=\"elementor-column elementor-col-100 elementor-top-column elementor-element elementor-element-58a22f64\" data-id=\"58a22f64\" data-element_type=\"column\">\n\t\t\t<div class=\"elementor-widget-wrap elementor-element-populated\">\n\t\t\t\t\t\t<div class=\"elementor-element elementor-element-50f87c98 elementor-widget__width-initial elementor-widget-tablet__width-initial elementor-widget-mobile__width-initial elementor-widget elementor-widget-heading\" data-id=\"50f87c98\" data-element_type=\"widget\" data-widget_type=\"heading.default\">\n\t\t\t\t\t<h2 class=\"elementor-heading-title elementor-size-default\">Koolitusel k\u00e4sitletavad teemad<\/h2>\t\t\t\t<\/div>\n\t\t\t\t\t<\/div>\n\t\t<\/div>\n\t\t\t\t\t<\/div>\n\t\t<\/section>\n\t\t\t\t<section class=\"elementor-section elementor-top-section elementor-element elementor-element-70a0b177 elementor-section-boxed elementor-section-height-default elementor-section-height-default\" data-id=\"70a0b177\" data-element_type=\"section\">\n\t\t\t\t\t\t<div class=\"elementor-container elementor-column-gap-extended\">\n\t\t\t\t\t<div class=\"elementor-column elementor-col-100 elementor-top-column elementor-element elementor-element-4e65a59f\" data-id=\"4e65a59f\" data-element_type=\"column\">\n\t\t\t<div class=\"elementor-widget-wrap elementor-element-populated\">\n\t\t\t\t\t\t<div class=\"elementor-element elementor-element-20371b90 elementor-widget elementor-widget-text-editor\" data-id=\"20371b90\" data-element_type=\"widget\" data-widget_type=\"text-editor.default\">\n\t\t\t\t\t\t\t\t\t<ul><li>Ajajuhtimine. Ajajuhtimise ja delegeerimise rakenduslikud teadmised. Ajaplaneerimise erinevaid meetodeid &#8211; millist neist kasutada? Milliseid vigu tavaliselt tehakse ja kuidas neid v\u00e4ltida? Mida silmas pidada j\u00e4rgmisel korral, kui hakkad aega planeerima? Mis teeb ajaplaneerimise raskeks? Miks me nii sageli eba\u00f5nnestume? Enese juhtimine ajas. Mida peaksid enese ja oma aju kohta sel teemal teadma? Millest alustada ajaplaneerimist, kui tegemist on pikaajalise t\u00f6\u00f6 v\u00f5i projektiga?\u00a0<\/li><li>Ajajuhtimise praktika. Test enese hindamiseks. Arutelu.\u00a0 Kuidas mul nende teemadega on ning kas on nende osas midagi, mis vajaks t\u00e4iendavat \u00fchist kokkulepet? Sinu ja teiste kogemused. Milliseid ajaplaneerimise meetodeid oled kasutanud? Mis t\u00f6\u00f6tab, mis mitte?<\/li><li>Prioriteetide seadmine. Mida t\u00e4hendab oskuslik prioriteetide seadmine ja kuidas see k\u00e4ib? \u00dche meetodi l\u00e4biproovimine.<\/li><li>Efektiivne suhtlemine. Anon\u00fc\u00fcmsete k\u00fcsimuste ja tagasiside voor. Kas ja milliseid kommunikatsioonikokkuleppeid peaksime muutma, et olla efektiivsemad? Kuidas v\u00e4hendada m\u00f6\u00f6dar\u00e4\u00e4kimisi ja anda paremini tagasisidet \u00fcksteisele?\u00a0<\/li><li>Ajapuudus kui fookuse puudus. Praktiline t\u00f6\u00f6. Konkreetsete, meie ettev\u00f5tte m\u00fc\u00fcgifookuste \u00fclevaatamine. Kokkulepped ja raamistik edaspidiseks, et m\u00fc\u00fcki kasvatada ja keskenduda sellele, mis oluline.\u00a0<\/li><li>Arutelu, milliste seniste tegevuste l\u00f5petamist me peame kaaluma, et oma fookust hoida.<\/li><li>Kokkulepitud tulemusn\u00f5uete t\u00e4itmine vastavalt eesm\u00e4rkidele ja kokkulepetele \u2013 kuidas seda teha?<\/li><li>Kuidas tagada koost\u00f6\u00f6ks vajalik infos\u00fcsteem?<\/li><li>Koosolekud ja nende l\u00e4biviimine. Milliseid koosolekuid me vajame? Millised on v\u00f5imalused teha efektiivseid ja praktilisi, mitte formaalseid v\u00f5i igavaid koosolekuid?<\/li><li>Kvaliteetajast &#8211; aja kasutamise ja tajumise parandamine. Miks on raske leida keskendunud, p\u00fchendunud aega ja kuidas seda ikkagi teha? Kuidas saada juurde kvaliteetaega? Kuidas saavutada olukorda, kus tunned ennast igal ajal, s\u00f5ltumata olukorrast, h\u00e4sti?<\/li><li>Ps\u00fchholoogilised ja ajafilosoofilised k\u00fcsimused. Kuidas kontrollida keerulisi, n\u00e4iliselt kontrollimatuid olukordi? Kuidas olla oma p\u00e4eva, olukorra ja eluga rohkem rahul?\u00a0<\/li><li>Tagasiside t\u00f6\u00f6 k\u00e4igus. Kuidas anda protsessi k\u00e4igus tagasisidet teistele inimestele, ilma neid kaitseseisundisse asetamata v\u00f5i solvamata?<\/li><li>Muudatustele reageerimine ja uute kokkulepete s\u00f5lmimine. \u00d5ppimisorientatsioon versus tulemusorientatsioon.<\/li><\/ul>\t\t\t\t\t\t\t\t<\/div>\n\t\t\t\t\t<\/div>\n\t\t<\/div>\n\t\t\t\t\t<\/div>\n\t\t<\/section>\n\t\t\t\t<section class=\"elementor-section elementor-top-section elementor-element elementor-element-4889d736 elementor-section-boxed elementor-section-height-default elementor-section-height-default\" data-id=\"4889d736\" data-element_type=\"section\" data-settings=\"{&quot;background_background&quot;:&quot;classic&quot;}\">\n\t\t\t\t\t\t<div class=\"elementor-container elementor-column-gap-default\">\n\t\t\t\t\t<div class=\"elementor-column elementor-col-100 elementor-top-column elementor-element elementor-element-aff4522\" data-id=\"aff4522\" data-element_type=\"column\">\n\t\t\t<div class=\"elementor-widget-wrap elementor-element-populated\">\n\t\t\t\t\t\t<div class=\"elementor-element elementor-element-2797f37 elementor-widget__width-initial elementor-widget-tablet__width-initial elementor-widget-mobile__width-initial elementor-widget elementor-widget-heading\" data-id=\"2797f37\" data-element_type=\"widget\" data-widget_type=\"heading.default\">\n\t\t\t\t\t<h2 class=\"elementor-heading-title elementor-size-default\">Ajakava<\/h2>\t\t\t\t<\/div>\n\t\t\t\t<div class=\"elementor-element elementor-element-13ab1431 elementor-widget__width-initial elementor-widget-mobile__width-initial elementor-widget elementor-widget-text-editor\" data-id=\"13ab1431\" data-element_type=\"widget\" data-widget_type=\"text-editor.default\">\n\t\t\t\t\t\t\t\t\t<p>Koolitus kestab 2 p\u00e4eva. Kahe koolitusp\u00e4eva vahel on 2-3 n\u00e4dalane aeg, mil saadud teadmisi proovida, ning seej\u00e4rel k\u00fcsimustega koolitajate poole tagasi p\u00f6\u00f6rduda.\u00a0<\/p><p>Koolitusp\u00e4ev on reeglina 8 akadeemilist tundi (8&#215;45 min), koolitusp\u00e4ev kestab tavaliselt kella 10st kuni kella 17ni, iga 2 akadeemilise tunni j\u00e4rel (st 1,5 tunni j\u00e4rel) on kohvipaus v\u00f5i l\u00f5unapaus. Tellija soovil on v\u00f5imalikud ka teistsugused ajakava variandid.\u00a0<\/p><p><strong>Ajakava n\u00e4idis:<\/strong><\/p><ul><li>9:45 &#8211; 10:00 Saabumine ja hommikukohv<\/li><li>10:00 &#8211; 11:30 Koolitus<\/li><li>11:30 &#8211; 11:45 Kohvipaus<\/li><li>11:45 &#8211; 13:15 Koolitus<\/li><li>13:15 &#8211; 14:15 L\u00f5una<\/li><li>14:15 &#8211; 15:45 Koolitus<\/li><li>15:45 &#8211; 16:00 Sirutuspaus<\/li><li>16:00 &#8211; 17:00 Koolitus<\/li><\/ul>\t\t\t\t\t\t\t\t<\/div>\n\t\t\t\t\t<\/div>\n\t\t<\/div>\n\t\t\t\t\t<\/div>\n\t\t<\/section>\n\t\t\t\t<section class=\"elementor-section elementor-top-section elementor-element elementor-element-6b651cbb elementor-section-boxed elementor-section-height-default elementor-section-height-default\" data-id=\"6b651cbb\" data-element_type=\"section\" data-settings=\"{&quot;background_background&quot;:&quot;classic&quot;}\">\n\t\t\t\t\t\t<div class=\"elementor-container elementor-column-gap-default\">\n\t\t\t\t\t<div class=\"elementor-column elementor-col-100 elementor-top-column elementor-element elementor-element-45fee9ca\" data-id=\"45fee9ca\" data-element_type=\"column\">\n\t\t\t<div class=\"elementor-widget-wrap elementor-element-populated\">\n\t\t\t\t\t\t<div class=\"elementor-element elementor-element-7e425703 elementor-widget__width-initial elementor-widget-mobile__width-initial elementor-widget elementor-widget-text-editor\" data-id=\"7e425703\" data-element_type=\"widget\" data-widget_type=\"text-editor.default\">\n\t\t\t\t\t\t\t\t\t<p>Koolituse hind s\u00f5ltub osalejate arvust, koolituse toimumise kohast ja kestusest. K\u00fcsi pakkumist elina.siilbek@gmail.com v\u00f5i (+372) 509 9885<\/p>\t\t\t\t\t\t\t\t<\/div>\n\t\t\t\t<div class=\"elementor-element elementor-element-688537a1 elementor-align-center elementor-widget elementor-widget-button\" data-id=\"688537a1\" data-element_type=\"widget\" data-widget_type=\"button.default\">\n\t\t\t\t\t\t\t\t\t\t<a class=\"elementor-button elementor-button-link elementor-size-sm\" href=\"https:\/\/ehekoolitus.ee\">\n\t\t\t\t\t\t<span class=\"elementor-button-content-wrapper\">\n\t\t\t\t\t\t\t\t\t<span class=\"elementor-button-text\">Tagasi avalehele<\/span>\n\t\t\t\t\t<\/span>\n\t\t\t\t\t<\/a>\n\t\t\t\t\t\t\t\t<\/div>\n\t\t\t\t\t<\/div>\n\t\t<\/div>\n\t\t\t\t\t<\/div>\n\t\t<\/section>\n\t\t\t\t<\/div>\n\t\t","protected":false},"excerpt":{"rendered":"<p>Ajajuhtimine meeskonnas Kuidas keerulistel aegadel asjad ikkagi k\u00f5ik \u00f5igeks ajaks valmis saada? \u201eKiired asjad on harva olulised\u00a0 ja oluliste asjadega [&hellip;]<\/p>\n","protected":false},"author":1,"featured_media":0,"parent":0,"menu_order":0,"comment_status":"closed","ping_status":"closed","template":"","meta":{"site-sidebar-layout":"no-sidebar","site-content-layout":"","ast-site-content-layout":"full-width-container","site-content-style":"default","site-sidebar-style":"default","ast-global-header-display":"","ast-banner-title-visibility":"","ast-main-header-display":"","ast-hfb-above-header-display":"","ast-hfb-below-header-display":"","ast-hfb-mobile-header-display":"","site-post-title":"disabled","ast-breadcrumbs-content":"","ast-featured-img":"disabled","footer-sml-layout":"","theme-transparent-header-meta":"","adv-header-id-meta":"","stick-header-meta":"","header-above-stick-meta":"","header-main-stick-meta":"","header-below-stick-meta":"","astra-migrate-meta-layouts":"default","ast-page-background-enabled":"default","ast-page-background-meta":{"desktop":{"background-color":"var(--ast-global-color-5)","background-image":"","background-repeat":"repeat","background-position":"center center","background-size":"auto","background-attachment":"scroll","background-type":"","background-media":"","overlay-type":"","overlay-color":"","overlay-opacity":"","overlay-gradient":""},"tablet":{"background-color":"","background-image":"","background-repeat":"repeat","background-position":"center center","background-size":"auto","background-attachment":"scroll","background-type":"","background-media":"","overlay-type":"","overlay-color":"","overlay-opacity":"","overlay-gradient":""},"mobile":{"background-color":"","background-image":"","background-repeat":"repeat","background-position":"center center","background-size":"auto","background-attachment":"scroll","background-type":"","background-media":"","overlay-type":"","overlay-color":"","overlay-opacity":"","overlay-gradient":""}},"ast-content-background-meta":{"desktop":{"background-color":"var(--ast-global-color-4)","background-image":"","background-repeat":"repeat","background-position":"center center","background-size":"auto","background-attachment":"scroll","background-type":"","background-media":"","overlay-type":"","overlay-color":"","overlay-opacity":"","overlay-gradient":""},"tablet":{"background-color":"var(--ast-global-color-4)","background-image":"","background-repeat":"repeat","background-position":"center center","background-size":"auto","background-attachment":"scroll","background-type":"","background-media":"","overlay-type":"","overlay-color":"","overlay-opacity":"","overlay-gradient":""},"mobile":{"background-color":"var(--ast-global-color-4)","background-image":"","background-repeat":"repeat","background-position":"center center","background-size":"auto","background-attachment":"scroll","background-type":"","background-media":"","overlay-type":"","overlay-color":"","overlay-opacity":"","overlay-gradient":""}},"footnotes":""},"class_list":["post-98","page","type-page","status-publish","hentry"],"_links":{"self":[{"href":"https:\/\/ehekoolitus.ee\/index.php?rest_route=\/wp\/v2\/pages\/98","targetHints":{"allow":["GET"]}}],"collection":[{"href":"https:\/\/ehekoolitus.ee\/index.php?rest_route=\/wp\/v2\/pages"}],"about":[{"href":"https:\/\/ehekoolitus.ee\/index.php?rest_route=\/wp\/v2\/types\/page"}],"author":[{"embeddable":true,"href":"https:\/\/ehekoolitus.ee\/index.php?rest_route=\/wp\/v2\/users\/1"}],"replies":[{"embeddable":true,"href":"https:\/\/ehekoolitus.ee\/index.php?rest_route=%2Fwp%2Fv2%2Fcomments&post=98"}],"version-history":[{"count":5,"href":"https:\/\/ehekoolitus.ee\/index.php?rest_route=\/wp\/v2\/pages\/98\/revisions"}],"predecessor-version":[{"id":194,"href":"https:\/\/ehekoolitus.ee\/index.php?rest_route=\/wp\/v2\/pages\/98\/revisions\/194"}],"wp:attachment":[{"href":"https:\/\/ehekoolitus.ee\/index.php?rest_route=%2Fwp%2Fv2%2Fmedia&parent=98"}],"curies":[{"name":"wp","href":"https:\/\/api.w.org\/{rel}","templated":true}]}}